 - -13) - (-2 - 2)?
-6
Calculate -8 + 5 + 2 + -2.
-3
Evaluate -4 + (4 - 5 - (-1 - 3)).
-1
Evaluate 0 + (4 + -1 - 9) + 1.
-5
Evaluate (-10 - -5) + (0 + 2 - 1).
-4
(-8 - -4 - -4) + -1
-1
Calculate 1 - (11 + -7) - -6.
3
Evaluate 0 + (3 - (4 - -2)) - -8.
5
Evaluate 6 - (-8 + 13 - -3).
-2
What is the value of -2 - 0 - (-7 + (16 - 6))?
-5
What is (-6 - (1 + -2)) + 4?
-1
Calculate 0 + -6 + (7 - 0).
1
Calculate -4 - (-1 - 3 - 2).
2
Evaluate 5 - ((-3 - (1 - 3)) + 1).
5
What is 3 + -4 + 1 + 3 + 1?
4
Calculate (0 - 2 - 5) + 6.
-1
Calculate 7 - (3 + 7) - (1 - 5).
1
What is the value of 11 + -4 - -3 - 9?
1
Calculate -3 - (4 + -5 - (-2 - 1)).
-5
Calculate 3 - 9 - (5 - 8).
-3
12 + -22 - (0 - 7)
-3
Calculate 2 - (0 - (-3 - -7)).
6
(-9 - 0) + 4 + 1
-4
0 + 1 + -3 + -2
-4
Evaluate -6 + (-5 - 1 - -5).
-7
What is 7 + (-7 - 6) - -5?
-1
5 - 11 - -3 - (2 - 7)
2
What is the value of 2 - (6 - (5 - -2))?
3
(-8 - 0) + -14 + 19 - -9
6
What is the value of (5 - 0) + -2 + -1 + 4?
6
What is the value of -11 + -2 + 5 + 5?
-3
Evaluate (4 - (3 + 4)) + (7 - 8).
-4
Calculate 4 + -1 + 2 + -7.
-2
What is the value of 10 - (7 - -4) - 6?
-7
Evaluate 4 - (-3 + -3 + -4 + 9).
5
-1 + (-2 + -3 - -1 - -3)
-2
Calculate -4 - (4 + -4 + -3 + 2).
-3
What is the value of -34 + 34 + (1 - 2)?
-1
-1 + 9 - (7 - -2)
-1
59 + -59 + -2 + 0
-2
3 - (5 - (2 - -5))
5
Calculate 7 - (3 + -1 - 0).
5
What is the value of (18 - 19) + 1 + 5?
5
What is the value of -9 + (-2 - (3 - 9)) - -6?
1
What is -8 - (-3 + 0 + -10)?
5
Evaluate (2 - 6) + (0 - -1) - -9.
6
Evaluate (1 - (9 - 4)) + 2.
-2
What is the value of 6 + 1 + -13 + 1 - 2?
-7
What is (8 - 5 - (-4 + 6)) + 0?
1
What is the value of (4 - 3) + (-2 - 0)?
-1
Calculate 13 + -10 + -8 + 1.
-4
-3 + 12 + 4 + -9
4
Evaluate (23 - 24) + (-1 - -9).
7
1 - -1 - (-14 + (28 - 13))
1
Evaluate 4 + -6 + (-5 - -10) + -1.
2
What is -4 - -2 - -6 - 0?
4
-3 - (3 - (0 - (4 - 5)))
-5
Evaluate 3 + (1 - 4) + -6 + 1.
-5
Calculate 13 + -10 + -3 + 0.
0
Evaluate -4 + 2 + 16 + -9.
5
Evaluate -6 - (1 + -4 + 4).
-7
What is the value of (-2 - -7) + 57 + -72?
-10
2 - (2 + 1 + 5) - -7
1
What is the value of -2 - ((0 - 4) + (1 - 1))?
2
-13 + (10 - 3) - -9
3
5 + -3 + 3 + 0 + -9
-4
0 - 1 - (-19 - (-2 - 12))
4
What is (-1 - (1 + (5 - 2))) + 5?
0
What is -4 + 0 + 2 + 0 + -1?
-3
-4 + (-1 - -2) - -6
3
What is the value of (-1 - 2) + -3 + (1 - -1)?
-4
What is the value of (-4 - 1) + 19 - 7?
7
What is -10 - (0 - (2 - -4))?
-4
(6 - 1) + -3 + -2 + 0
0
Evaluate 7 - 6 - (0 - -4) - -7.
4
Calculate 0 + 0 + -9 - (-6 - 0).
-3
-10 - 0 - -18 - (0 - -6)
2
Evaluate -4 - -3 - (7 - (10 + -7)).
-5
Calculate 0 - (2 - -1 - (-2 - 0)).
-5
Evaluate -8 - -3 - 1 - 3.
-9
Calculate -7 - (-9 - -6 - -3).
-7
What is the value of -4 - (-8 + 5 + -2)?
1
7 + -5 + 4 + -3
3
What is (-1 - (4 - 4)) + 6?
5
Calculate -2 - ((-3 - (-1 - -1)) + 3).
-2
0 - (0 + -4 + (-14 - -20))
-2
Calculate -9 + 15 + -6 + -1.
-1
Evaluate (8 - 3) + -36 + 26.
-5
Evaluate -7 - -11 - (1 + -1) - -1.
5
-7 + (12 - 7 - -6)
4
Evaluate 8 + -3 + -5 - -5.
5
Calculate 0 + 0 - 4 - (16 - 20).
0
(-2 - 3) + 7 + -1 - 4
-3
Calculate 0 - (-3 + 0 + 4).
-1
Calculate -3 - (2 + 4 + -8).
-1
Calculate 4 + (-2 - -4) + 3 + -5.
4
Evaluate -1 + 0 - (-1 + (-1 - -4)).
-3
What is 5 - -1 - (333 - 332)?
5
Evaluate -6 + 0 - (-3 + -5).
2
-3 + -5 + (0 - -3)
-5
Calculate -2 + (5 - 1 - (7 - 6)).
1
What is the value of -6 + (10 - (-1 + 8 + -2))?
-1
Evaluate -7 - (12 + -13 + 2).
-8
Evaluate 0 + 0 + -3 + 7 + -8.
-4
What is (-3 - -1) + (121 - 112)?
7
-12 + 3 + 1 + (-9 - -11)
-6
Calculate 5 - (-6 + 12) - -3.
2
4 + 1 + (-7 - -8)
6
-2 - (-3 + 1) - (-9 - -9)
0
Evaluate (-5 - 0) + (-5 - 0) + 14.
4
What is the value of -2 + 4 + -2 + (7 - 4)?
3
What is the value of 1 + (-6 - -8) - (-1 - -9)?
-5
Evaluate 1 + 4 + -3 + 5 + -8.
-1
What is the value of 2 - (3 + 0 + -1)?
0
What is -9 - -3 - (-1 - 3 - -7)?
-9
What is -1 - 2 - (3 + -3)?
-3
(2 + 0 + 0 - 3) + -3
-4
Evaluate 5 - 4 - (-18 + 10).
9
1 - (1 - 1 - -3)
-2
What is the value of -7 - (-7 - (-7 - -12))?
5
Calculate -3 + 0 + 3 + -2 - -5.
3
Calculate (1 + 6 - -1) + -17.
-9
What is the value of 2 - 1 - (-13 + 21 - 13)?
6
196 - 198 - ((2 - 0) + -8)
4
Evaluate (-1 - 0) + (8 - 6) + -6.
-5
What is the value of (2 - -1) + 0 + 2 + -9?
-4
What is the value of 2 - (-2 + (6 - 5))?
3
What is the value of 10 - 8 - (5 - 8 - -10)?
-5
Evaluate 4 + 4 - (1 + 5).
2
What is the value of -1 + -3 - (19 - 18)?
-5
Evaluate 6 + (-15 - -1) + 4.
-4
Calculate (-1 - (-17 - -1)) + -7.
8
Evaluate (6 - 4) + -3 + 10 + 0.
9
Calculate (-14 - -12) + 2 - (-2 + 8).
-6
-5 - ((-2 - -1) + -1 - -1)
-4
Evaluate -1 + 2 + -4 + 3.
0
What is 0 + -3 - (-5 - -5 - 0)?
-3
Calculate (0 - 5) + (-1 + 10 - 2).
2
Calculate 1 + (7 - (5 - 2)).
5
What is -27 - -29 - (-1 + -1) - -4?
8
What is (-12 - -7 - -5) + -13 + 4?
-9
Evaluate (-5 - -8) + 1 + (-1 - 0).
3
What is 3 - (-3 - -2) - (7 - 3)?
0
12 + -9 + -9 + -2
-8
What is the value of -8 - ((5 - 18) + 8)?
-3
What is -7 + -11 + 14 + 9 + 1?
6
What is -6 + (-1 + 5 - 7 - -12)?
3
What is the value of -2 + -3 + -6 + 6?
-5
Evaluate -5 - (-1 + (4 - (-6 - -12))).
-2
Calculate 1 - 7 - (14 + -16).
-4
-1 + 1 + 5 + -1
4
Evaluate -1 - (-7 - (5 + -9) - 1).
3
What is the value of 4 + -10 + (7 - 3) + 1?
-1
(1 - -1) + (0 - 20 - -11)
-7
Evaluate 4 + (-1 - (-5 + 13)).
-5
(0 - -6) + -4 - (-6 - 1)
9
(10 + -1 - 5) + -1 + -2
1
Calculate -1 + -5 + 1 + 7.
2
Calculate 3 - (-3 - -7 - 5).
4
Evaluate 11 + (0 - (-3 + 5)) - 2.
7
What is the value of -5 - -1 - (29 - (41 + -11))?
-3
What is -15 + 17 + (1 - 0 - -2)?
5
(3 - -3 - 8) + -2 - -4
0
Evaluate 10 - ((11 - 7) + 1).
5
What is 1 + 2 - (-12 + 14)?
1
Calculate -5 - ((-10 - (4 + -8)) + 4).
-3
Calculate 8 + 1 + -7 + 0.
2
-2 - (-9 + 8 + -1)
0
What is -3 + 3 - ((-9 - -7) + 1)?
1
What is the value of (0 - 0 - -3 - 5) + 1?
-1
What is -1 + 7 + -4 + 0?
2
What is the value of 8 + -4 + (10 - 14)?
0
Evaluate 1 + 2 + (5 - 5).
3
(0 - (-5 - -3)) + 4 + -1
5
Evaluate (-2 - -7) + -3 + 1.
3
0 + 5 + -2 + -1
2
Evaluate -5 - ((-4 - -6) + -9 - -6).
-4
What is -6 + (-3 - -2) + 8 + 0?
1
What is (141 - 138) + (0 - 0)?
3
5 + (7 - 24) + 9
-3
6 + -4 - 3 - -5
4
What is 1 - 5 - (-6 - 0) - 2?
0
8 - 12 - (-8 - -1)
3
Calculate 2 + -4 + 8 - 3.
3
Evaluate 35 + -41 - (-2 + 2 - 3).
-3
What is (3 - -5 - 5 - 3) + 5?
5
What is -4 - -2 - (-5 - (-2 + -4))?
-3
What is the value of 6 + -7 + -3 + 6 - -5?
7
-45 - -42 - (2 + -8)
3
What is the value of 8 + -6 + 7 + -6?
3
What is the value of -7 - (-6 + 0) - (5 + -1)?
-5
What is 5 + (7 - 11) - -2?
3
(3 - (16 + -18)) + (-1 - 10)
-6
-3 + (7 - 11) - -2
-5
What is 2 + (-6 - -1) + (-8 - -12)?
1
-1 - -8 - 7 - -3
3
(49 - 47) + 1 + -5
-2
Calculate 103 + -100 - (2 - (2 + 2)).
5
-17 + 23 - (10 - -1)
-5
Calculate 0 + 8 - (-21 + 10 - -12).
7
What is the value of 1 + 9 + -5 + 2 + -2?
5
What is -6 - ((-10 - -2) + -1)?
3
1 + (-2 - (4 + -1))
-4
(-5 - -6) + (-5 - (4 + -9))
1
What is -2 - ((2 - (1 + 1)) + 2)?
-4
Calculate (3 + -1 - 4 - 2) + 0.
-4
3 - (5 + -2 + 1 + -3)
2
4 - (6 + -1 + -44 + 37)
6
2 + (2 - -1) + 0
5
What is -1 - (1 + -5) - 0?
3
Evaluate 0 + 1 + (15 - 21).
-5
-14 + -3 + 14 + (6 - 1)
2
-19 + (11 - -1) - (-5 + 1)
-3
-22 + 25 + -6 + -1 + 3
-1
Evaluate (11 - 13) + (0 - -3) - 5.
-4
Evaluate 7 - (12 + -3 + -4).
2
Calculate 13 + 0 + (-28 - -10).
-5
What is the value of 0 - (0 + (-3 + 0 - -3))?
0
What is 7 + -1 + 2 + -68 + 56?
-4
Calculate -6 + (8 - 3) + 2.
1
1 + (-5 - -8) - (0 - 0)
4
Evaluate 1 - (-11 - -1 - -6).
5
What is the value of 2 + (-6 - (-3 + 0))?
-1
Evaluate -6 - (-4 - (-2 + 1)) - 0.
-3
Evaluate 2 + -5 + -3 + 8.
2
Evaluate 2 - (-2 - ((3 - 3) + -3)).
1
-12 + 5 - (-9 + 1)
1
Calculate -5 + 1 + 4 + (-1 - 2).
-3
Calculate 0 + -1 + -1 + -3.
-5
6 + -3 - (-14 + 22)
-5
What is the value of 5 + 2 + 40 + -41?
6
What is the value of 2 + -8 + 21 - 8 - 0?
7
What is the value of 3 + -1 + -6 + -4 + 4?
-4
16 - 6 - 8 - (1 + -3)
4
Evaluate -14 + 19 + 10 - 25.
-10
Evaluate -3 + (-2 + 2 - -5).
2
Evaluate (6 + -1 - 4 - 5) + -3.
-7
1 - (5 - 13) - 1
8
7 - (1 + 3 + (-1 - 1))
5
-1 - (6 - (-8 + 12)) - -5
2
Evaluate -3 + 1 + (-9 - -8).
-3
Evaluate (-2 - (-5 + -1)) + 1.
5
Calculate 0 + 4 + -8 + 9.
5
What is -4 - (-9 + 0 + 2)?
3
What is the value of -2 - (0 + 2) - -4?
0
Calculate (2 - -3) + 9 + -21 - -2.
-5
Evaluate (-10 - (-3 + 2)) + (55 - 41).
5
Evaluate 5 - (-8 + (13 - 6) + 1).
